{"id":253,"date":"2026-01-26T04:08:25","date_gmt":"2026-01-26T03:08:25","guid":{"rendered":"https:\/\/ws254student34.workshop-wordpress.nl\/?page_id=253"},"modified":"2026-01-28T23:40:29","modified_gmt":"2026-01-28T23:40:29","slug":"about-laioun","status":"publish","type":"page","link":"https:\/\/laioun.com\/index.php\/about-laioun\/","title":{"rendered":"About"},"content":{"rendered":"\n<div class=\"wp-block-group has-global-padding is-layout-constrained wp-block-group-is-layout-constrained\" style=\"padding-top:var(--wp--preset--spacing--40);padding-bottom:var(--wp--preset--spacing--40)\">\n<h1 class=\"wp-block-heading has-text-align-center\" style=\"padding-top:var(--wp--preset--spacing--50);padding-bottom:var(--wp--preset--spacing--50)\">Behind the brand<\/h1>\n\n\n\n<hr class=\"wp-block-separator has-alpha-channel-opacity\"\/>\n\n\n\n<div class=\"wp-block-group is-nowrap is-layout-flex wp-container-core-group-is-layout-6c531013 wp-block-group-is-layout-flex\">\n<figure class=\"wp-block-image size-medium\"><img fetchpriority=\"high\" decoding=\"async\" width=\"200\" height=\"300\" src=\"https:\/\/laioun.com\/wp-content\/uploads\/2026\/01\/11351345-1C43-429E-A643-D8C9A494C1FE-2-200x300.png\" alt=\"\" class=\"wp-image-261\" srcset=\"https:\/\/laioun.com\/wp-content\/uploads\/2026\/01\/11351345-1C43-429E-A643-D8C9A494C1FE-2-200x300.png 200w, https:\/\/laioun.com\/wp-content\/uploads\/2026\/01\/11351345-1C43-429E-A643-D8C9A494C1FE-2-683x1024.png 683w, https:\/\/laioun.com\/wp-content\/uploads\/2026\/01\/11351345-1C43-429E-A643-D8C9A494C1FE-2-768x1152.png 768w, https:\/\/laioun.com\/wp-content\/uploads\/2026\/01\/11351345-1C43-429E-A643-D8C9A494C1FE-2.png 1024w\" sizes=\"(max-width: 200px) 100vw, 200px\" \/><\/figure>\n\n\n\n<p class=\"has-small-font-size\"> <br><br><br><br><br><br><br><br><br>EST. 2025<br><br><br><em>Laila Bounjoua<br>Founder of LAIOUN<\/em><\/p>\n<\/div>\n<\/div>\n\n\n\n<hr class=\"wp-block-separator has-alpha-channel-opacity\"\/>\n\n\n\n<div class=\"wp-block-group has-global-padding is-layout-constrained wp-block-group-is-layout-constrained\" style=\"padding-top:var(--wp--preset--spacing--40);padding-bottom:var(--wp--preset--spacing--40)\">\n<h2 class=\"wp-block-heading\">The beginning <\/h2>\n\n\n\n<p>Ik ben Laila, founder of Laioun. Laioun is ontstaan vanuit een passie voor online marketing, content en het laten groeien van merken. Wat begon als een persoonlijke interesse in digitale communicatie en fotografie, groeide uit tot een zelfstandig agency met een duidelijke visie. Vanuit een achtergrond in Commerci\u00eble Economie werd de basis gelegd voor een aanpak waarin creativiteit en strategie samenkomen. <\/p>\n\n\n\n<p>Het agency werd opgericht met \u00e9\u00e9n doel: bedrijven helpen om hun verhaal helder, sterk en consistent te vertellen in een steeds veranderende online wereld. Niet door mee te doen met alles wat zichtbaar is, maar door bewust te kiezen voor wat \u00e9cht past bij een merk.<\/p>\n<\/div>\n\n\n\n<hr class=\"wp-block-separator has-alpha-channel-opacity\"\/>\n\n\n\n<div class=\"wp-block-group has-global-padding is-layout-constrained wp-block-group-is-layout-constrained\" style=\"padding-top:var(--wp--preset--spacing--40);padding-bottom:var(--wp--preset--spacing--40)\">\n<h2 class=\"wp-block-heading\">A new way to be seen<\/h2>\n\n\n\n<p>In een digitale wereld die gedreven wordt door geluid en afleiding kiest Laioun voor de kracht van het visuele. Bij Laioun draait zichtbaarheid niet om volume of om muziek; het draait om wat je ziet, wat je voelt, en welk beeld blijft hangen lang nadat het scherm uitgaat. A new way to be seen is geen slogan, het is een andere manier van kijken. Een manier van communiceren die verfijnd, esthetisch en strategisch is. Visuele identiteiten die blijven resoneren, precies omdat ze niet afhankelijk zijn van ruis, trends of trucjes. Wij helpen ondernemers, creators en bedrijven om niet alleen zichtbaar te worden, maar herkenbaar. Niet alleen aanwezig, maar onderscheidend. Niet alleen actief online, maar invloedrijk.<\/p>\n<\/div>\n\n\n\n<hr class=\"wp-block-separator has-alpha-channel-opacity\"\/>\n\n\n\n<div class=\"wp-block-cover alignfull is-light has-parallax\"><div class=\"wp-block-cover__image-background wp-image-137 size-full has-parallax\" style=\"background-position:50% 50%;background-image:url(https:\/\/laioun.com\/wp-content\/uploads\/2025\/12\/9ECDCDD3-946A-41A3-AC63-1C45F69DBB61.jpeg)\"><\/div><span aria-hidden=\"true\" class=\"wp-block-cover__background has-background-dim\" style=\"background-color:#a49d90\"><\/span><div class=\"wp-block-cover__inner-container has-global-padding is-layout-constrained wp-block-cover-is-layout-constrained\">\n<p class=\"has-text-align-center has-large-font-size\"><em>Through content that speaks<\/em><\/p>\n<\/div><\/div>\n\n\n\n<div class=\"wp-block-group has-global-padding is-layout-constrained wp-block-group-is-layout-constrained\" style=\"padding-top:var(--wp--preset--spacing--40);padding-bottom:var(--wp--preset--spacing--40)\">\n<h2 class=\"wp-block-heading\">Through content that speaks<\/h2>\n\n\n\n<p>We geloven dat de eerste indruk niet ontstaat door decibellen, maar door details, licht, kleur en compositie. Dat is waar impact begint en dat is waar jouw merk gezien wordt. De werkwijze van Laioun kenmerkt zich bewust <strong>zonder muziek<\/strong>, zodat elke keuze, elk detail en elk creatief proces met maximale aandacht wordt uitgewerkt. Om die visuele beleving sterker te maken, gebruiken we subtiele achtergrondgeluiden. Geen muziek die afleidt, maar sound design dat ondersteunt in plaats van overstemt. Zo blijft de focus altijd op wat \u00e9cht telt: jouw verhaal. <br><br>Wij combineren branding, content creatie en creative direction tot \u00e9\u00e9n krachtig geheel. Geen losse onderdelen, maar een ge\u00efntegreerde aanpak die jouw online aanwezigheid versterkt. Van visuele identiteit tot content, van strategie tot storytelling: alles is afgestemd op <em>jouw merk, jouw kracht, jouw groei.<\/em><\/p>\n<\/div>\n\n\n\n<hr class=\"wp-block-separator has-alpha-channel-opacity\"\/>\n\n\n\n<blockquote class=\"wp-block-quote is-layout-flow wp-block-quote-is-layout-flow\">\n<p class=\"is-style-default has-small-font-size\"><em><strong>Laioun<\/strong> komt voort uit een samensmelting van mijn naam en het Arabische woord uyun &#8211; ogen. Als symbool voor het zien van het visuele, vormt dit de basis van alles wat wij cre\u00ebren.<\/em><\/p>\n<\/blockquote>\n","protected":false},"excerpt":{"rendered":"<p>Behind the brand EST. 2025 Laila BounjouaFounder of LAIOUN The beginning Ik ben Laila, founder of Laioun. Laioun is ontstaan vanuit een passie voor online marketing, content en het laten groeien van merken. Wat begon als een persoonlijke interesse in digitale communicatie en fotografie, groeide uit tot een zelfstandig agency met een duidelijke visie. Vanuit [&hellip;]<\/p>\n","protected":false},"author":1,"featured_media":0,"parent":0,"menu_order":0,"comment_status":"closed","ping_status":"closed","template":"","meta":{"footnotes":""},"class_list":["post-253","page","type-page","status-publish","hentry"],"_links":{"self":[{"href":"https:\/\/laioun.com\/index.php\/wp-json\/wp\/v2\/pages\/253","targetHints":{"allow":["GET"]}}],"collection":[{"href":"https:\/\/laioun.com\/index.php\/wp-json\/wp\/v2\/pages"}],"about":[{"href":"https:\/\/laioun.com\/index.php\/wp-json\/wp\/v2\/types\/page"}],"author":[{"embeddable":true,"href":"https:\/\/laioun.com\/index.php\/wp-json\/wp\/v2\/users\/1"}],"replies":[{"embeddable":true,"href":"https:\/\/laioun.com\/index.php\/wp-json\/wp\/v2\/comments?post=253"}],"version-history":[{"count":3,"href":"https:\/\/laioun.com\/index.php\/wp-json\/wp\/v2\/pages\/253\/revisions"}],"predecessor-version":[{"id":368,"href":"https:\/\/laioun.com\/index.php\/wp-json\/wp\/v2\/pages\/253\/revisions\/368"}],"wp:attachment":[{"href":"https:\/\/laioun.com\/index.php\/wp-json\/wp\/v2\/media?parent=253"}],"curies":[{"name":"wp","href":"https:\/\/api.w.org\/{rel}","templated":true}]}}